634631.
279
What is the greatest common divisor of 47410720 and 128?
32
What is the highest common factor of 8699750 and 123250?
4250
Calculate the highest common divisor of 470076 and 49412640.
10932
What is the greatest common divisor of 4275066 and 42?
6
Calculate the greatest common divisor of 2957570 and 223146.
3542
Calculate the greatest common factor of 63 and 26855157.
21
Calculate the highest common divisor of 34619410 and 1120.
70
Calculate the greatest common divisor of 4238170 and 3034.
82
What is the highest common factor of 13 and 408928910?
13
What is the highest common divisor of 32870 and 143629790?
1730
Calculate the greatest common divisor of 710406 and 94977.
549
Calculate the highest common factor of 272991112 and 295.
59
Calculate the greatest common divisor of 357 and 39688404.
357
What is the highest common divisor of 1291575 and 59925?
1275
What is the greatest common divisor of 7333198 and 2?
2
Calculate the greatest common divisor of 2992 and 1758922.
374
What is the greatest common factor of 12992 and 86138816?
1856
Calculate the greatest common factor of 21726 and 5701158.
1278
Calculate the greatest common factor of 119602 and 238.
14
Calculate the greatest common divisor of 17784 and 31039749.
2223
What is the highest common factor of 12154 and 354?
118
What is the highest common factor of 520758 and 18144?
126
Calculate the greatest common factor of 51741 and 5139.
9
Calculate the greatest common divisor of 2656 and 68309.
83
Calculate the highest common divisor of 480826620 and 108.
36
Calculate the highest common divisor of 2739 and 14668341.
249
What is the highest common factor of 340893 and 2961363?
2319
Calculate the highest common factor of 427 and 97307.
7
Calculate the highest common divisor of 240795 and 990.
45
Calculate the highest common factor of 248622 and 14190.
66
What is the greatest common divisor of 777 and 15931275?
111
Calculate the highest common factor of 60280181 and 442.
221
What is the highest common divisor of 300107 and 39331?
37
Calculate the highest common divisor of 6765 and 36680281.
451
Calculate the highest common divisor of 81732 and 1544846.
278
What is the highest common divisor of 287369 and 402773?
163
What is the highest common factor of 366092 and 152?
76
Calculate the highest common factor of 988 and 47462.
38
What is the highest common divisor of 81 and 15055443?
27
What is the greatest common divisor of 12448 and 423260008?
3112
What is the greatest common factor of 59 and 69902020?
59
Calculate the greatest common divisor of 56963038 and 22.
22
Calculate the highest common factor of 90 and 2037465.
45
What is the greatest common factor of 14856 and 739705?
619
Calculate the greatest common divisor of 11214 and 69769.
7
Calculate the highest common factor of 69031386 and 65925.
2637
Calculate the highest common factor of 32495 and 1843000.
485
Calculate the highest common divisor of 1185374 and 14826.
706
Calculate the highest common factor of 17 and 109856567.
17
Calculate the highest common divisor of 9770 and 12035.
5
What is the greatest common divisor of 2030 and 375850?
10
Calculate the greatest common factor of 48 and 80202.
6
Calculate the greatest common factor of 29905652 and 476.
476
Calculate the highest common divisor of 819725687 and 33.
11
Calculate the greatest common divisor of 199824887 and 67.
67
Calculate the greatest common factor of 1083708059 and 4214.
2107
What is the highest common divisor of 3360 and 1381788240?
1680
Calculate the highest common factor of 5160501 and 3330.
333
What is the highest common divisor of 28474 and 340?
2
What is the greatest common factor of 1120905 and 17595?
1035
Calculate the greatest common factor of 8478112 and 20876.
1228
What is the greatest common divisor of 78308719 and 6837?
2279
Calculate the greatest common divisor of 351663459 and 21.
21
Calculate the greatest common factor of 21729444 and 220.
44
What is the greatest common divisor of 121554 and 3024?
54
Calculate the greatest common divisor of 11353104 and 9408.
2352
Calculate the highest common factor of 68153 and 3522434.
3587
Calculate the greatest common divisor of 78548458 and 8826.
2942
Calculate the highest common divisor of 490544 and 25628.
172
What is the highest common divisor of 401 and 48649721?
401
Calculate the greatest common divisor of 410508 and 268164.
108
What is the highest common divisor of 364 and 16419091?
13
What is the highest common divisor of 11557 and 179578?
889
What is the greatest common factor of 564 and 50293854?
282
What is the highest common divisor of 116976612 and 120?
12
What is the greatest common divisor of 172298 and 604438?
62
Calculate the greatest common divisor of 328 and 166537490.
82
What is the greatest common divisor of 287 and 15692299?
287
Calculate the greatest common divisor of 702 and 678001428.
702
Calculate the highest common factor of 3856994640 and 45.
45
What is the highest common factor of 531 and 6327042?
177
Calculate the greatest common divisor of 3486513 and 1781.
137
What is the highest common divisor of 48 and 1817936?
16
Calculate the highest common factor of 82806 and 198468.
222
What is the highest common factor of 343486 and 36476?
22
Calculate the highest common factor of 15 and 80608554.
3
Calculate the highest common factor of 88068 and 461820.
2148
Calculate the highest common divisor of 28999 and 92684.
47
What is the greatest common factor of 5592 and 161088?
24
Calculate the greatest common factor of 76636 and 49657.
391
What is the greatest common factor of 760 and 12040205?
95
Calculate the highest common divisor of 132272 and 125468.
28
What is the greatest common divisor of 1739266548 and 148?
148
Calculate the greatest common factor of 32496 and 6614544.
48
What is the greatest common divisor of 12691 and 97421?
37
What is the highest common divisor of 39564 and 150948?
252
What is the highest common factor of 1008732886 and 14?
14
What is the highest common divisor of 172527448 and 370?
74
Calculate the highest common divisor of 1203917 and 1573.
143
What is the highest common divisor of 11290 and 78065?
5
Calculate the highest common factor of 260096 and 562864.
2032
What is the greatest common divisor of 856825992 and 594?
594
Calculate the highest common divisor of 15 and 9447645.
15
Calculate the highest common factor of 846 and 82881774.
846
Calculate the greatest common divisor of 868 and 5478444.
124
What is the highest common factor of 150 and 5818425?
75
Calculate the highest common factor of 1979 and 39791753.
1979
Calculate the greatest common divisor of 8964 and 851414.
166
Calculate the greatest common factor of 78942885 and 2065.
2065
What is the greatest common divisor of 2319993 and 98592?
3081
Calculate the highest common factor of 25232879 and 49.
7
Calculate the highest common factor of 37793434 and 14.
14
Calculate the greatest common divisor of 2306 and 54169093.
1153
Calculate the greatest common factor of 1846740 and 14196.
84
What is the greatest common divisor of 2758 and 285542635?
1379
What is the greatest common factor of 37639055 and 1115?
1115
What is the greatest common factor of 6913 and 45599486?
223
Calculate the greatest common factor of 15690413 and 123.
41
What is the greatest common divisor of 88106840 and 866?
866
Calculate the greatest common factor of 72842 and 102839.
11
What is the highest common factor of 690 and 16946610?
30
What is the highest common factor of 7249528 and 2288?
1144
Calculate the highest common divisor of 40 and 8916520.
40
What is the highest common factor of 1246 and 59163818?
1246
Calculate the highest common divisor of 64615876 and 13478.
586
What is the highest common factor of 234349090 and 10?
10
What is the highest common factor of 168773 and 238051?
737
What is the highest common factor of 14096 and 241741114?
1762
Calculate the highest common divisor of 24446681 and 58.
29
Calculate the greatest common divisor of 60 and 14494770.
30
What is the greatest common divisor of 5652 and 150327?
9
Calculate the greatest common factor of 31521 and 30278409.
1659
Calculate the highest common divisor of 260482370 and 30.
10
Calculate the highest common divisor of 3040 and 27883840.
160
What is the high